+ 5?
5163312
In base 6, what is -110233433 - -53?
-110233340
In base 5, what is 40043440 + -1?
40043434
In base 14, what is 2a61700 + c?
2a6170c
In base 4, what is 10 - -22133002222?
22133002232
In base 10, what is 62175 - -2414?
64589
In base 3, what is -1010 + 11211100211121?
11211100210111
In base 6, what is 113042421010 + 3?
113042421013
In base 12, what is 84014 - -408?
84420
In base 9, what is -351245854 + -1?
-351245855
In base 6, what is -15302 - -4405?
-10453
In base 16, what is 4 + -470b89?
-470b85
In base 3, what is 111210 + -21111112?
-20222202
In base 3, what is -1111 + 11200021111201?
11200021110020
In base 3, what is -12 - -2121121001100022?
2121121001100010
In base 16, what is -a + -d57a?
-d584
In base 11, what is -8 + 238112?
238105
In base 4, what is 12323003230322 - -11?
12323003230333
In base 12, what is -1 - -bb06148?
bb06147
In base 6, what is 1410 + 342212?
344022
In base 9, what is -82322308 + 5?
-82322303
In base 10, what is 288438 + 4?
288442
In base 15, what is 763da + 3b?
76426
In base 16, what is 624582 + cf?
624651
In base 15, what is -1d56017 - 1?
-1d56018
In base 16, what is 5 + 41bfd6?
41bfdb
In base 5, what is -20443 + 20143110?
20122112
In base 8, what is 110042770 + 1?
110042771
In base 2, what is 1010 - -101010010010111010010111100?
101010010010111010011000110
In base 12, what is 31 + 23b65?
23b96
In base 13, what is -2b + 22aa7?
22a79
In base 16, what is 597c + 37?
59b3
In base 8, what is 26017 + 522?
26541
In base 9, what is -84025277 - -5?
-84025272
In base 14, what is -37d - -24853?
244b4
In base 10, what is 1 + 13816388?
13816389
In base 13, what is 2683a6c - -3?
2683a72
In base 7, what is 2222 + -6046432?
-6044210
In base 15, what is -5793a57e + 3?
-5793a57b
In base 10, what is 2 - -29379898?
29379900
In base 2, what is 101 - 1100010011000100010100?
-1100010011000100001111
In base 2, what is -111000101011010011100110 + 100?
-111000101011010011100010
In base 5, what is -1 - 1020131201331?
-1020131201332
In base 11, what is -1 - 5298935?
-5298936
In base 2, what is 10 + 110100011010100101110000001?
110100011010100101110000011
In base 13, what is 5 + -398c802?
-398c7ca
In base 2, what is 101001111100100000011 - 10011?
101001111100011110000
In base 13, what is -152 - -4c9b?
4b49
In base 9, what is 0 + -734612?
-734612
In base 3, what is -1102 - 10210211001?
-10210212110
In base 5, what is -1 + -1224424412?
-1224424413
In base 14, what is 16341a90 + -2?
16341a8c
In base 14, what is 2 - -1a4627c?
1a46280
In base 11, what is -a23 + -13976?
-14899
In base 10, what is 72 - -55066?
55138
In base 7, what is -11012424 - -35?
-11012356
In base 4, what is -30 + 10201032230?
10201032200
In base 5, what is -14 - -143434123?
143434104
In base 7, what is 13 - 4122662?
-4122646
In base 10, what is 34 + -12474432?
-12474398
In base 9, what is 0 + -17217685?
-17217685
In base 2, what is -1000000101000010101 + 10010?
-1000000101000000011
In base 9, what is 10 + 58557?
58567
In base 15, what is 49e3 + d7e?
5872
In base 7, what is 112604 + -20301?
62303
In base 14, what is 14a54 - -13c?
14b92
In base 9, what is -30 - -3171046?
3171016
In base 16, what is -df1387f - 1?
-df13880
In base 2, what is -101 - 100011110101011100101011?
-100011110101011100110000
In base 4, what is 232213110301 - 1?
232213110300
In base 14, what is 16b3d54 + 13?
16b3d67
In base 15, what is 2a7e + -4ce?
25a0
In base 13, what is -3 + -5274627?
-527462a
In base 11, what is 68332 + 1025?
69357
In base 15, what is -3 + 495709?
495706
In base 2, what is -1111101010000 + 10000110010100?
1001000100
In base 11, what is -9067 - 412?
-9479
In base 10, what is 25581 - -2913?
28494
In base 12, what is -13906b186 - 0?
-13906b186
In base 15, what is -310877 - -6?
-310871
In base 6, what is -25232 + 33041?
3405
In base 13, what is 1107bc51 + -3?
1107bc4b
In base 15, what is -14b3ed74 + -5?
-14b3ed79
In base 7, what is 122 + 15022254?
15022406
In base 13, what is -6a67a + -ab0?
-6b45a
In base 9, what is -148368627 - 0?
-148368627
In base 7, what is -33151106 + 35?
-33151041
In base 10, what is 23697286 - 1?
23697285
In base 10, what is -11596843 - 5?
-11596848
In base 6, what is -1102350 + 53?
-1102253
In base 7, what is 2033643211 - -2?
2033643213
In base 9, what is -2 - 82285745?
-82285747
In base 4, what is -1 + -3300302122232?
-3300302122233
In base 5, what is 114423403 + -143?
114423210
In base 7, what is 305 - 21314304?
-21313666
In base 8, what is -63034 - -63?
-62751
In base 2, what is 11 - -1001101010110111100110010?
1001101010110111100110101
In base 12, what is -43 + -3228405?
-3228448
In base 14, what is 21d + -102db3?
-102b94
In base 2, what is 1 + -1100001000111000010110?
-1100001000111000010101
In base 7, what is 26520045 - 1212?
26515533
In base 4, what is 1323001320223 + 33?
1323001320322
In base 11, what is -a22 - -413a3?
40481
In base 5, what is 3 - 2042243324?
-2042243321
In base 13, what is 9847a738 + -2?
9847a736
In base 10, what is 301454580 - 1?
301454579
In base 6, what is 3525 + 1214555?
1222524
In base 8, what is 766675 + 103?
767000
In base 4, what is 201123020 - -2023?
201131103
In base 12, what is -74197864 - -1?
-74197863
In base 12, what is -25a31b - 8?
-25a327
In base 13, what is 18 - ba44b6?
-ba449b
In base 15, what is -5aba + 122?
-5998
In base 7, what is -5 + 104033421?
104033413
In base 13, what is 322474 - 177?
3222ca
In base 2, what is -101011 - -1000101101111000101?
1000101101110011010
In base 3, what is -1010101 + -2122001021211?
-2122002102012
In base 4, what is 112303 - 131311330?
-131133021
In base 10, what is -5 - 35212614?
-35212619
In base 4, what is 10212203 + -21321?
10130222
In base 3, what is 21121212002 + 12000?
21122001002
In base 6, what is 100 - 223435110?
-223435010
In base 12, what is 3 - -28429b?
2842a2
In base 5, what is 23443432042 - -1?
23443432043
In base 10, what is 506841 + 589?
507430
In base 2, what is -11001100110 - -11010111111000?
10111110010010
In base 14, what is -7489d + 8b9?
-73dc4
In base 15, what is 13bd8 - -6b?
13c54
In base 10, what is 0 + 7784193?
7784193
In base 2, what is 100001011010111100000 - 1110?
100001011010111010010
In base 11, what is -29718073 - -4?
-2971806a
In base 5, what is -4 - -14011134214?
14011134210
In base 2, what is 1010101101101100111110 + 110?
1010101101101101000100
In base 16, what is -1825 - -186c?
47
In base 14, what is 597 + 245cd?
24b86
In base 3, what is -1001210111210 + -22020?
-1001210211000
In base 10, what is 57105 - -3958?
61063
In base 12, what is -40 - 1805604?
-1805644
In base 15, what is da899d2 - 0?
da899d2
In base 13, what is 1b2 + -77742?
-77560
In base 4, what is -23 + -103202133231?
-103202133320
In base 8, what is 24302 + 222?
24524
In base 13, what is bc60b + 106?
bc714
In base 6, what is -114204341 + -3?
-114204344
In base 6, what is -51300 + -2011?
-53311
In base 13, what is 9bc2a15 - 1?
9bc2a14
In base 15, what is 9d + -216?
-168
In base 2, what is 10101100 + 1010010111010100?
1010011010000000
In base 13, what is c54cb5 + -1?
c54cb4
In base 9, what is 73 + 6331058?
6331142
In base 10, what is -371613 - 17?
-371630
In base 5, what is -420103112413 + -10?
-420103112423
In base 11, what is -16607 - 696a?
-22476
In base 16, what is -1fb - 2ad02?
-2aefd
In base 10, what is 49 + -794042?
-793993
In base 5, what is -4302322332 - 21?
-4302322403
In base 14, what is -850739 - -3?
-850736
In base 6, what is 3532525303 - -2?
3532525305
In base 16, what is 171e - 4e90?
-3772
In base 15, what is -460057 + 4?
-460053
In base 14, what is 3 - 2722ba?
-2722b7
In base 13, what is -90 + -231c8?
-23288
In base 15, what is -13cdb5a + -4?
-13cdb5e
In base 10, what is 29 - 605504?
-605475
In base 4, what is 3 - 1203132012?
-1203132003
In base 14, what is 5a9d4a - -1?
5a9d4b
In base 10, what is -68 + -99314?
-99382
In base 12, what is -87 + 567a21?
567956
In base 8, what is -574 - -3021263?
3020467
In base 4, what is -1021220022 - 100013?
-1021320101
In base 13, what is 1854 - -1981?
3505
In base 12, what is 36 + 11573856?
11573890
In base 9, what is -747081 + -1565?
-748656
In base 14, what is 4 + -8dac8d8?
-8dac8d4
In base 11, what is 24 - 221a864?
-221a840
In base 9, what is -147 - 126737?
-126885
In base 4, what is 3 + 11303230210211?
11303230210220
In base 9